thousands digit of s?
4
Suppose -16*g - 18*g - 22861 = -676885. What is the hundreds digit of g?
2
Let j(d) = 23*d**2 - 179*d - 135. What is the units digit of j(-24)?
9
Let d be (-44)/5 + 4/(-20). Let b(c) = 3*c**2 + 2*c + 6. What is the hundreds digit of b(d)?
2
Let z(l) = 31*l**2 - 82*l - 475. What is the tens digit of z(-17)?
7
Suppose -139758 = -13*d + 38472. What is the thousands digit of d?
3
Let w(r) = 75*r - 140. Let t(l) = -25*l + 46. Let j(o) = -10*t(o) - 3*w(o). What is the units digit of j(3)?
5
What is the units digit of (29970 - 50) + 1 + -3 - 6 - -5?
7
Let u(s) = -19*s - 7 + 13 + 15 + 2*s. What is the tens digit of u(-3)?
7
Let g(y) = -y**2. Let q be g(-2). Let z be -3 + (70 - q/(-1)). Let h = z + 1. What is the tens digit of h?
6
Suppose 42*i - 36 = 33*i. Let m(r) = 61*r**2 + 32*r + 7. What is the tens digit of m(i)?
1
Suppose -8*p - 116128 = -27*p. What is the thousands digit of p?
6
Let z = -83 + 100. Suppose -z = -y + 13. What is the tens digit of y?
3
Suppose -8*i = -6814 - 61010. What is the tens digit of i?
7
Suppose -78*k + 85226 + 201658 = 0. What is the units digit of k?
8
Let b = -1819 - -4058. Suppose -12*p = -5*q - 11*p + b, q - 4*p = 463. What is the tens digit of q?
4
Let z = -116 - 361. What is the units digit of ((-95)/25 + 3)*-5 - z?
1
Let y(t) = 2*t**3 + 19*t**2 + t - 59. Let b be y(-9). Suppose 1232 = -b*a + 35*a. What is the tens digit of a?
5
Let j(b) be the first derivative of b**3/3 - 11*b**2/2 - 294*b - 69. What is the units digit of j(37)?
8
Let c(h) = -9*h**3 - 35*h**2 + 27*h + 38. What is the thousands digit of c(-20)?
7
Let b(y) = -3764*y - 3140. What is the units digit of b(-5)?
0
Let f(i) = 56*i + 43. Let v be f(-6). What is the hundreds digit of (3 - 3 - v) + (-3)/3?
2
Suppose -5*c + 2*f + 522 = -1368, -2*f = 0. Suppose -5*m = -3*h - c - 668, -3*m = h - 636. What is the tens digit of m?
1
Let f(s) = 2*s**2 - s - 1. Let r(a) = -8*a**2 + 58*a + 149. Let h(z) = 5*f(z) + r(z). What is the tens digit of h(-37)?
2
Let i(p) be the first derivative of -p**3 - 4*p**2 - 3. Let m be i(-3). What is the tens digit of (0 + 1)/(m/9) - -127?
2
Let u(y) = 1671*y - 1027. What is the ten thousands digit of u(15)?
2
Let u = 4357 - -127. What is the units digit of u?
4
Let i(z) = -z**2 - 27*z - 18. Let a(c) = -2*c**2 - 56*c - 37. Let q(s) = 2*a(s) - 5*i(s). What is the hundreds digit of q(6)?
1
Let z = 8470 - -8236. What is the thousands digit of z?
6
Let v be (-1)/(-2) - -15*721/14. Let w = 914 - v. What is the hundreds digit of w?
1
Let r(o) = -36*o - 343. Let n be r(-14). Suppose -27*u + 30079 = -n. What is the thousands digit of u?
1
What is the thousands digit of 35*37/5180 + 328814/8?
1
Let c = 1349 + -1923. Let a = c - -1012. What is the hundreds digit of a?
4
Suppose -61*k + 66*k = -20, 4*r - 3*k - 67612 = 0. What is the ten thousands digit of r?
1
What is the tens digit of 11 - ((-1 - 54) + 4)?
6
Let q be ((-3)/(-4))/((228/(-64))/(-19)). Suppose 2*c - 6*c + 4220 = -q*f, 5*f + 1075 = c. What is the hundreds digit of c?
0
Let t be ((-6)/4)/(((-99)/(-12))/(-11)). Let i(b) = 7*b. Let d be i(1). Suppose 2*a - d*a + 7 = 2*x, -t = 3*a - 5*x. What is the units digit of a?
1
Let l(m) = -m**3 + 4*m**2 + 5*m - 13. Let p be l(4). Suppose 3*d + 5*v = 1111, -2*d + 5*v - 1835 = -p*d. What is the hundreds digit of d?
3
Suppose 4*t + 11*t = 0. Suppose t = 9*w - 3 - 33. Suppose -2*f = -w - 104. What is the tens digit of f?
5
Let j(i) be the second derivative of 7*i**4/6 - 5*i**3/3 + i**2/2 + 21*i. What is the hundreds digit of j(4)?
1
Let b(q) = -q**2 - 15*q - 161. Let n be b(-39). Let j = 2493 + n. What is the tens digit of j?
9
Let l(v) = -v**2 - 64*v + 601. What is the units digit of l(-51)?
4
Suppose 3*d + 5*j = 35878, 164*d - 161*d = -4*j + 35885. What is the units digit of d?
1
Let m be ((-4)/6 + 215488/(-21))/(-2). Suppose -m = -7*b - 1274. What is the tens digit of b?
5
Let t = -62 - -70. Let w = 164 + -15. Suppose -n + w = -t. What is the hundreds digit of n?
1
Let t be (-22)/(-55) - 84/10. Let o = -3 - t. Suppose n = 3*i - 18, -o*i + 4*n + 0 = -30. What is the units digit of i?
6
Let k = -33 - -92. Suppose -t + 3 = -k. What is the tens digit of t - (-4)/(7 + -3)?
6
Suppose 4*j + 2*n - 5899 - 2553 = 0, 5*j - 10570 = -5*n. Suppose 91*d = 83*d + j. What is the tens digit of d?
6
Let q = -287 + 291. Suppose 1253 = q*r + l, 2*r - 4*r = -3*l - 637. What is the tens digit of r?
1
Let i be (70/25)/1*(55 - 0). What is the hundreds digit of 87252/i - 4/7?
5
Suppose 592 + 535 = -7*z. What is the hundreds digit of 4 - (46/z + (-11168)/14)?
8
Let u(b) = b**2 + 17*b + 13. Let z be u(-21). Suppose -z*v = -91*v - 3132. What is the units digit of v?
2
Let m be (98/(-21) + 3)/(1/(-3)). Suppose 4*q + q + 5 = -m*y, 5*q + 13 = -3*y. Let n(v) = -v**2 + 9*v - 18. What is the units digit of n(y)?
2
Suppose -4*j + 23140 + 1912 = 0. Suppose 0 = r - 5*y - 1271, 4*r + j = 9*r - 2*y. What is the hundreds digit of r?
2
Let i(m) = -m - 11. Let z be i(-16). Suppose -z*y = 5*g - 130, 5 = -3*g - 5*y + 79. Suppose -21*x = -g*x + 1750. What is the hundreds digit of x?
2
Let v(x) = 697*x - 3984. What is the thousands digit of v(16)?
7
Let g(k) = 100*k - 113. Let x be g(7). Suppose x + 271 = 3*t. What is the units digit of t?
6
Suppose -j - 1 = 0, -x = 4*j - 3100 - 8799. What is the thousands digit of x?
1
Let v = 95 + -97. What is the tens digit of v + ((-6)/3 - -246)?
4
Suppose -9*c + 16 = -5*c. Suppose -d - 2528 = -c*g, 3*g + 96 - 1977 = -3*d. What is the units digit of g?
1
What is the tens digit of 77796/2 + -5 + (-80)/(-16)?
9
Let b(w) = -44*w**3 - 6*w**2 - 60*w - 135. What is the tens digit of b(-3)?
7
Let l(p) be the second derivative of 5*p**3/6 - 13*p**2/2 + 6*p. What is the units digit of l(4)?
7
What is the thousands digit of (-28)/((-700)/2105175) - -10?
4
Suppose 4*n = -2*c + 74618, -1571*c + 1569*c = -2*n + 37300. What is the thousands digit of n?
8
Let f(u) = 28*u**2 - u + 5 - 43 + 36*u**2 - 63*u**2. Let p be f(7). Suppose -p = -13*q + 22. What is the units digit of q?
2
Suppose -39*i + 20213 = 5666. What is the tens digit of i?
7
Let i be 12/(-6) - 15/6*-2. Suppose 31 = -m - 2*s, -i*s = -0*m - m - 21. What is the units digit of (12/(-9))/((-3)/(m/(-2)))?
6
Suppose -6*b + 63025 + 48461 = 0. What is the ten thousands digit of b?
1
Let u = 4717 + 50035. What is the thousands digit of u?
4
Let g be (-6 - (-2)/(-2))*6/(-21). Let v = g - -26. What is the tens digit of 2252/v - 9/21?
8
Let k be (54/27)/(1*2). What is the units digit of k + 3 + 1 - -51?
6
Suppose -47*z = -19771 - 29297. Let v = 2387 - z. What is the tens digit of v?
4
Suppose -70*j + 168792 = -189928 - 117700. What is the units digit of j?
6
Let c be (-1)/((-12)/54)*-8. Let t(n) = 2*n**2 + 57*n + 168. What is the tens digit of t(c)?
0
Let a = 143709 - 65144. What is the hundreds digit of a?
5
Let w = 971 + 3925. What is the hundreds digit of w?
8
Suppose 241*m = 4*g + 242*m - 29765, 0 = 5*g + 3*m - 37201. What is the thousands digit of g?
7
Let d = 35126 + -20573. What is the ten thousands digit of d?
1
Suppose 2*a + a + 3 = 0. Let g be (-5)/((-10)/18) - (0 - a). Suppose -5*p = -g*p + 324. What is the tens digit of p?
0
Let j be (3 + (-138)/18)*105/10. What is the units digit of (226 + -2)*(21/j + 3)?
6
Let u = 132229 - 57956. What is the hundreds digit of u?
2
Let v(l) = l**2 + 2*l + 3. Suppose 8 = -g - g, -2*g = 3*t + 8. Let a be v(t). Suppose -2*p + 70 = a*p. What is the tens digit of p?
1
Let c = 48 + -47. Suppose -2*q = c - 113. Let n = q + -22. What is the units digit of n?
4
Suppose 5*m + 31822 = l, -m - 158049 - 1229 = -5*l. What is the ten thousands digit of l?
3
Suppose -4*c = 2*c. Let u be (-2)/12 + c + (-4)/(-24). Suppose u = -4*p + 9*p - 410. What is the units digit of p?
2
Let q(p) be the first derivative of 10*p**3/3 + 2*p**2 - p - 1. Suppose 1 = 48*g - 58*g + 31. What is the tens digit of q(g)?
0
Let l(k) = 7*k - 3. Let c be l(3). Suppose 19*n = c*n + 345. Let y = n + -210. What is the units digit of y?
5
Let q(m) = -m**3 + m**2 - 6*m - 9. Let p(j) = -2*j**3 + 2*j**2 - 14*j - 18. Let u(d) = 3*p(d) - 7*q(d). Let v = -11 - -15. What is the units digit of u(v)?
7
Let z = 54 + 3500. Suppose -z = -14*i - 838. What is the hundreds digit of i?
1
Let l(c) = 27*c + 